. Calculate the highest common factor of d and w.
21
Let y(g) = 4*g**2 + 61*g - 596. Let q be y(15). Suppose -6*m + 90 + 228 = 0. What is the greatest common divisor of m and q?
53
Let b(z) = z**3 + 82*z**2 - 86*z + 1083. Let h be b(-77). What is the highest common factor of h and 166?
166
Let x = -892 + 1546. Suppose -2*h = -3*s - 3*h + 394, 5*s + 3*h - x = 0. Let t be 6 - (-13 + 13 + -6). What is the greatest common divisor of s and t?
12
Let t be (1066/16 - 2) + (12 - 465/40). Calculate the highest common factor of 2327 and t.
13
Suppose -7*l = 1093 - 8548. Calculate the highest common factor of l and 9.
3
Suppose 24592 = 36*o + 20*o - 27*o. Calculate the highest common factor of o and 53.
53
Let y = -459 + 817. Suppose -335 - y = -7*z. Calculate the highest common divisor of 11 and z.
11
Let p(j) = -42*j - 3334. Let l be p(-81). What is the greatest common factor of 2975 and l?
17
Let v(z) = -10*z - 10. Let y(j) = j**2 - j + 1. Let r(g) = -v(g) + 4*y(g). Let k be r(-7). Calculate the greatest common divisor of k and 72.
24
Suppose -3*a = -2*w - 182, 0*w - 3*w = -2*a + 123. Let x(v) = 8*v**2 + 5*v - 15. Let u be x(5). Calculate the highest common factor of u and a.
30
Let c = -628 - -625. Let t be 21/21*(-777)/c. Calculate the highest common divisor of 111 and t.
37
Let s = -561 - -759. What is the highest common factor of 450 and s?
18
Suppose 3*x - 566 = -5*l, 230 - 40 = x + 2*l. Let s be (-5 + (-4185)/(-9))*-2. Let r = 933 + s. What is the highest common divisor of x and r?
13
Let u be 2 + -4 + 2 - -2. Suppose 918 = -3*c + b, 95 = -c - u*b - 204. Let d = -158 - c. Calculate the greatest common divisor of 21 and d.
21
Let t be ((-24)/(-10))/(6/(-30)). Let j be (4/1)/t*-3 - -3. Suppose -2*l - 240 = -j*i, 4*i - i = -4*l + 180. What is the highest common divisor of i and 24?
12
Let u be (5/10)/(3/630). What is the highest common factor of u and 13125?
105
Suppose 0 = 5*j + 29 - 119. Let a = -70 - -109. Suppose 0 = j*z - 141 - a. What is the greatest common divisor of 8 and z?
2
Let r(d) = 12*d**3 - 2*d**2 + 18*d + 17. Let z be r(6). Calculate the greatest common divisor of 805 and z.
115
Let o be (212/(-265))/(2/(-5290)). What is the highest common factor of 161 and o?
23
Let s(g) = 860*g - 2. Let v be (6/(-21))/(4/(-14)). Let a be s(v). Calculate the greatest common factor of a and 78.
78
Suppose -2*m + 244 = b, 2*m - 6*m = -5*b + 1248. Suppose -3*k + b - 32 = 0. Let g be (-1 - -17 - 3) + -4. Calculate the greatest common divisor of k and g.
9
Let y = -375 - -421. Let x be (2/(-5) + -2)*(-115)/y. Let l(f) = -3*f + 3. Let m be l(-5). What is the highest common divisor of x and m?
6
Let v be ((-4)/10 + (-6)/(-5))*5. Let a(j) = 29*j**2 + 4*j - 3. Let z be a(3). Suppose v*o - 10*o = -z. What is the greatest common divisor of 15 and o?
15
Suppose 6*z - 487 = z + 4*x, 0 = 2*z - 4*x - 202. Let p(f) = 2*f**2 - 7*f - 76. Let k be p(-6). What is the greatest common divisor of k and z?
19
Let n(g) be the second derivative of g**5/20 - g**4/6 + 2*g**3/3 + g**2/2 + 22*g. Let t be n(2). Let b = 45 - t. What is the greatest common factor of b and 4?
4
Suppose 86 = 12*r - 94. What is the highest common divisor of 205 and r?
5
Let h(i) = i**2 - 53*i - 286. Let r be h(-9). Calculate the highest common factor of r and 748.
68
Let n = -509 + 512. Let z be (-7)/(-42) - 203/(-6) - n. Calculate the highest common divisor of 1 and z.
1
Suppose -3*o + 79*k - 80*k + 29 = 0, -o - 5*k = -19. Calculate the greatest common divisor of o and 2133.
9
Let c = -230 - -589. Let l = -332 + c. What is the highest common divisor of l and 45?
9
Suppose 30*w = 39*w - 2079. Suppose l = 5*l - 8. Let v be (l + 26/(-6))*-9. What is the highest common factor of v and w?
21
Let c(b) = 3*b**3 - 8*b**2 - 29*b + 230. Let u be c(5). Calculate the highest common factor of u and 430.
10
Suppose 0 = -4*x - 20, -48*x - 25496 = -4*c - 44*x. What is the highest common divisor of c and 33?
33
Let y(l) = l**3 + 3*l**2 + l + 4. Let c be y(-3). Let x be c/(-4) + (-51)/(-12). Let k be 77 + 1 + (-66)/77*7. What is the greatest common factor of x and k?
4
Let t(n) = n**2 - 31*n + 41. Let h be t(30). Let l be 438/h + 12/66. What is the highest common factor of 140 and l?
20
Let q(v) = 14 + 20 + 2*v + 20. Let k = -109 - -87. Let u be q(k). Calculate the greatest common divisor of 45 and u.
5
Suppose 8*z - 2*z = -4*z + 80. Calculate the greatest common factor of z and 58.
2
Suppose -5*j - 51 = 4*c - 1218, 2*j - 3*c = 453. What is the highest common divisor of j and 10857?
231
Let o(a) = 7*a**2 - 12*a + 35. Let b be o(7). Suppose 86 - b = -4*w. Calculate the greatest common divisor of w and 260.
52
Let c = 21621 - 20811. What is the greatest common divisor of 6615 and c?
135
Let x(n) = -n**3 + 4*n**2 + 180. Let h(v) = -v**2 - 20*v. Let z be h(0). Let y be x(z). Let q = 11 - -4. What is the greatest common divisor of q and y?
15
Suppose -q - 140 = -4*r, 2*q + 3*r = -0*q - 269. Let j be 4/6 + q/(-12). Let h be ((-2)/(-5))/(j/20)*12. Calculate the greatest common divisor of h and 64.
8
Let a be (2 + -1)*((-14448)/3)/(-16). Let v be 4/(-2)*(378/12)/(-9). Calculate the greatest common divisor of a and v.
7
Let a(f) = -f**3 + 4*f**2 + 13*f + 5. Let l be -9*((-60)/(-18))/(-5). Let u be a(l). What is the highest common factor of 44 and u?
11
Let z(g) be the first derivative of g**3/3 + 2*g**2 - 2*g - 5. Let l be z(-4). Let f be ((-6)/l*-1)/((-6)/26). What is the highest common divisor of 26 and f?
13
Let d(n) be the third derivative of -n**5/60 - 3*n**4/4 - 34*n**3/3 + 23*n**2. Let g be d(-11). Calculate the highest common divisor of 279 and g.
9
Let o be 2 - (0 + 1) - 2032/(-48)*3. What is the greatest common divisor of 5056 and o?
64
Suppose 9*c - 390 = 10*c - 6*c. What is the greatest common divisor of 18 and c?
6
Suppose 14*p = -20*p - 1020. Let f be 96/p*10/(-4). Calculate the highest common factor of 56 and f.
8
Suppose -28*g - 11*g - 429 = 0. Let o(p) = -14*p - 134. Let d be o(g). Let k = 675 + -455. Calculate the greatest common factor of d and k.
20
Let r = -1498 + 1546. What is the greatest common factor of 148 and r?
4
Let a = 636 - 611. Let d = 36 + -21. Suppose 2*l - a - d = 0. Calculate the greatest common divisor of l and 10.
10
Let l(s) = 20*s**2 + 74*s + 681. Let i be l(-9). Calculate the greatest common divisor of 75 and i.
15
Suppose 2*b + 3*q = 1294, -5*b + q + 0*q + 3184 = 0. What is the greatest common factor of b and 1044?
58
Let h = 110 - 62. Let z(j) = 3 + 2 - 7*j**2 + 2*j**3 - 8. Let w be z(5). What is the greatest common divisor of w and h?
24
Let d be 7075 + -6343 + (2/(-7) - (-52)/(-14)). Calculate the highest common divisor of d and 112.
56
Suppose k - 353 = -3*d, -d - 2*d + 365 = -2*k. Suppose 3*n - d = -86. Suppose v - 264 = -2*v. Calculate the greatest common factor of n and v.
11
Let g be 5/(30/18) + 15. Let w(c) = c**3 - 20*c**2 + 42*c - 58. Let v be w(g). Calculate the greatest common factor of v and 50.
50
Let q(b) = -46*b - 4. Let c(i) = 10*i + 4*i + 3 + 33*i + 1. Let t(k) = 6*c(k) + 7*q(k). Let d be t(-1). Calculate the greatest common divisor of d and 12.
12
Let o(l) = -l**3 - 6*l**2 - 7*l - 4. Suppose -15 = 4*j + 369. Let k = j - -91. Let y be o(k). Calculate the highest common factor of y and 24.
6
Let f = 2370 + -1792. Calculate the greatest common divisor of 170 and f.
34
Suppose -y - 4*h = -512 - 412, 2*y - 1848 = -3*h. Calculate the highest common factor of 1716 and y.
132
Suppose d - 5*d = -2*s + 2, 0 = 4*s - 4*d. Let r be 10 + 0*s/(-4). Let v = -588 + 608. What is the highest common factor of r and v?
10
Suppose 0 = 5*r - 0*r + 3*y - 135, 0 = -5*y - 25. Let m be 1/(((-2)/7)/((-576)/252)) + 72. Calculate the highest common divisor of m and r.
10
Let l be 246/(-42) + (-2)/14. Let z = 119 + -73. Let r = z + l. Calculate the greatest common factor of 20 and r.
20
Let k(n) be the third derivative of n**4/2 - 13*n**3/6 - 10*n**2. Let a be k(7). Let o = 89 - a. Calculate the highest common divisor of o and 27.
9
Suppose 8*f + 824 = -648. Let t = 312 + f. What is the highest common factor of 16 and t?
16
Suppose 0 = -122*s + 106*s + 64. Let f(n) = 8*n + 40. Let c be f(s). Calculate the greatest common factor of c and 180.
36
Suppose 0 = 3*a - 5*x - 16929, 2*x + 11284 = 2